sor of 96 and 312.
24
What is the greatest common divisor of 30 and 65?
5
What is the highest common factor of 112 and 176?
16
Calculate the highest common factor of 3668 and 393.
131
Calculate the highest common divisor of 76 and 7372.
76
Calculate the highest common factor of 117 and 6084.
117
Calculate the highest common factor of 144 and 126.
18
What is the highest common divisor of 2568 and 120?
24
What is the highest common divisor of 69 and 276?
69
Calculate the greatest common factor of 531 and 9.
9
What is the greatest common factor of 9 and 117?
9
What is the greatest common factor of 2745 and 15?
15
Calculate the highest common divisor of 361 and 57.
19
Calculate the highest common divisor of 160 and 4320.
160
Calculate the highest common factor of 10476 and 540.
108
Calculate the highest common divisor of 30 and 85.
5
What is the greatest common factor of 140 and 35?
35
What is the highest common divisor of 152 and 171?
19
Calculate the greatest common divisor of 13 and 26.
13
Calculate the highest common divisor of 3130 and 30.
10
Calculate the greatest common factor of 585 and 3393.
117
What is the greatest common divisor of 78 and 4?
2
Calculate the highest common factor of 296 and 3478.
74
What is the highest common factor of 125 and 70?
5
Calculate the greatest common divisor of 58 and 41934.
58
Calculate the greatest common divisor of 598 and 414.
46
Calculate the highest common factor of 5730 and 120.
30
Calculate the greatest common factor of 240 and 15.
15
What is the greatest common divisor of 468 and 36?
36
Calculate the greatest common divisor of 74 and 999.
37
Calculate the highest common factor of 2375 and 19.
19
What is the highest common divisor of 54 and 36?
18
Calculate the greatest common divisor of 456 and 32.
8
Calculate the highest common factor of 126 and 462.
42
What is the greatest common factor of 330 and 154?
22
Calculate the greatest common divisor of 49949 and 502.
251
Calculate the greatest common divisor of 195 and 2379.
39
Calculate the highest common factor of 1625 and 13.
13
Calculate the greatest common divisor of 49 and 4361.
49
What is the greatest common factor of 39 and 767?
13
What is the greatest common factor of 84 and 8148?
84
What is the greatest common factor of 245 and 343?
49
Calculate the highest common divisor of 342 and 17898.
114
What is the greatest common factor of 217 and 62?
31
Calculate the highest common factor of 455 and 130.
65
Calculate the highest common factor of 792 and 12.
12
Calculate the greatest common factor of 9 and 5.
1
Calculate the greatest common divisor of 190 and 304.
38
What is the highest common divisor of 14 and 6538?
14
Calculate the greatest common divisor of 20 and 3690.
10
Calculate the highest common factor of 204 and 984.
12
What is the highest common factor of 260 and 40?
20
Calculate the greatest common divisor of 288 and 18.
18
Calculate the highest common factor of 44 and 28.
4
What is the greatest common factor of 489 and 15?
3
What is the greatest common factor of 203 and 224?
7
What is the highest common divisor of 45936 and 72?
72
What is the highest common divisor of 2975 and 4505?
85
Calculate the greatest common divisor of 891 and 33.
33
Calculate the highest common divisor of 148 and 4.
4
Calculate the greatest common divisor of 297 and 783.
27
Calculate the greatest common divisor of 33 and 253.
11
Calculate the highest common divisor of 75 and 5625.
75
What is the greatest common factor of 39 and 14248?
13
What is the highest common divisor of 38 and 703?
19
What is the highest common divisor of 640 and 20?
20
Calculate the highest common divisor of 752 and 128.
16
What is the highest common divisor of 17 and 799?
17
What is the highest common factor of 500 and 20?
20
What is the highest common factor of 17 and 30974?
17
What is the greatest common factor of 8 and 12568?
8
Calculate the highest common divisor of 88 and 1067.
11
What is the highest common factor of 70 and 42?
14
What is the greatest common divisor of 248 and 120776?
248
Calculate the greatest common divisor of 12669 and 927.
309
Calculate the highest common divisor of 69 and 2507.
23
What is the highest common divisor of 22 and 302?
2
Calculate the greatest common divisor of 5312 and 83.
83
Calculate the highest common divisor of 1498 and 428.
214
What is the highest common factor of 8830 and 10?
10
Calculate the highest common divisor of 10 and 160.
10
What is the greatest common divisor of 445 and 5518?
89
What is the greatest common factor of 5 and 11?
1
What is the highest common divisor of 846 and 54?
18
Calculate the greatest common divisor of 133 and 38.
19
What is the highest common factor of 154 and 1694?
154
Calculate the greatest common factor of 155 and 2201.
31
Calculate the greatest common factor of 325 and 897.
13
Calculate the greatest common divisor of 519 and 9.
3
Calculate the greatest common factor of 576 and 640.
64
Calculate the greatest common divisor of 729 and 18.
9
What is the greatest common divisor of 6 and 18?
6
What is the highest common factor of 11847 and 66?
33
Calculate the greatest common divisor of 1281 and 63.
21
What is the highest common factor of 4715 and 1265?
115
What is the highest common divisor of 2516 and 68?
68
Calculate the greatest common divisor of 44 and 33.
11
Calculate the highest common divisor of 6613 and 17.
17
What is the greatest common divisor of 4963 and 70?
7
Calculate the highest common factor of 20246 and 106.
106
What is the highest common divisor of 1824 and 38?
38
Calculate the greatest common divisor of 19800 and 72.
72
What is the highest common factor of 126 and 126?
126
Calculate the highest common factor of 24 and 1128.
24
What is the highest common divisor of 81 and 6?
3
What is the greatest common divisor of 400 and 25?
25
Calculate the highest common factor of 1 and 881.
1
What is the highest common factor of 2 and 54?
2
What is the greatest common factor of 235 and 5?
5
Calculate the highest common factor of 325 and 75.
25
Calculate the greatest common factor of 1 and 1553.
1
Calculate the highest common divisor of 2560 and 40.
40
What is the highest common divisor of 162 and 72?
18
What is the highest common divisor of 12 and 51?
3
Calculate the greatest common divisor of 76 and 9158.
38
What is the greatest common divisor of 703 and 19?
19
Calculate the greatest common divisor of 15 and 21.
3
What is the greatest common divisor of 1394 and 34?
34
Calculate the greatest common divisor of 408 and 357.
51
Calculate the greatest common factor of 325 and 450.
25
Calculate the highest common factor of 258 and 6.
6
What is the greatest common factor of 112 and 154?
14
What is the highest common divisor of 297 and 6138?
99
What is the greatest common divisor of 230 and 322?
46
What is the highest common factor of 195 and 250?
5
What is the greatest common factor of 8836 and 752?
188
What is the highest common factor of 6 and 438?
6
Calculate the highest common factor of 118 and 59.
59
What is the highest common divisor of 25 and 40?
5
What is the highest common factor of 36 and 333?
9
What is the highest common factor of 10 and 410?
10
What is the greatest common divisor of 28 and 4?
4
What is the greatest common divisor of 132 and 120?
12
What is the highest common divisor of 1 and 32?
1
What is the highest common divisor of 427 and 189?
7
What is the highest common divisor of 98 and 67718?
98
What is the greatest common divisor of 77740 and 115?
115
What is the greatest common factor of 33 and 407?
11
What is the highest common divisor of 26 and 1898?
26
What is the highest common factor of 75 and 950?
25
What is the highest common divisor of 52 and 1898?
26
Calculate the highest common factor of 1062 and 236.
118
What is the greatest common divisor of 8568 and 288?
72
What is the greatest common divisor of 18 and 162?
18
What is the greatest common factor of 256 and 24?
8
Calculate the highest common factor of 12 and 32.
4
What is the highest common factor of 6 and 30?
6
What is the highest common divisor of 2303 and 188?
47
What is the highest common divisor of 7379 and 47?
47
What is the greatest common factor of 510 and 153?
51
What is the highest common divisor of 686 and 28?
14
What is the